se 3) to base 8.
-13132446
Convert -127293 (base 10) to base 13.
-45c2a
-18ca87 (base 13) to base 4
-2121103222
-1c70205 (base 13) to base 12
-3213743
Convert 3b40c (base 13) to base 6.
2211430
906ca (base 14) to base 6
11234534
What is -72a59 (base 11) in base 2?
-11001111110110111
80978 (base 11) to base 2
11100111000011110
Convert -626ea (base 15) to base 12.
-13071a
What is -60298d (base 16) in base 15?
-847448
What is 101101010101101 (base 2) in base 13?
a748
Convert -11200434 (base 5) to base 13.
-36756
11010111100010000 (base 2) to base 5
12012402
Convert 2020201010 (base 3) to base 16.
ace0
12294d (base 14) to base 12
25bb35
What is -97a14 (base 15) in base 10?
-481519
-22102101 (base 3) to base 10
-6139
Convert 1421103 (base 5) to base 9.
44448
-20a96d (base 14) to base 5
-240324244
Convert -113022032 (base 5) to base 8.
-1762026
Convert -340c5 (base 16) to base 12.
-a3459
-29035 (base 13) to base 3
-10220112121
Convert 4233202 (base 8) to base 14.
215162
What is 120022012002201 (base 3) in base 16?
7c18bd
What is 1010101110101010010110 (base 2) in base 12?
b37786
What is -28323711 (base 9) in base 5?
-12041313444
What is 24644030 (base 7) in base 15?
2e08eb
Convert 101200100210 (base 3) to base 15.
42446
Convert 4d52b (base 16) to base 2.
1001101010100101011
Convert 2104627 (base 9) to base 7.
12364633
Convert 1011010110110111 (base 2) to base 16.
b5b7
-128984 (base 10) to base 3
-20112221012
What is 39b5936 (base 12) in base 6?
1045034110
What is 3d290 (base 14) in base 6?
3125034
-2cad (base 15) to base 14
-3709
-d6bb11 (base 14) to base 10
-7254563
What is -23173156 (base 9) in base 15?
-ec8806
What is c8895 (base 13) in base 5?
43034112
What is -23321000 (base 4) in base 7?
-261665
-2a4a40 (base 11) to base 13
-138325
-32188 (base 9) to base 13
-9908
What is 1010002212221000 (base 3) in base 6?
1330534130
What is 42032301 (base 5) in base 3?
122120120000
-1502600 (base 7) to base 15
-400ae
Convert -144b75 (base 12) to base 16.
-53189
-2c892 (base 15) to base 13
-5052b
143014400 (base 5) to base 4
2313121321
Convert 65425232 (base 7) to base 4.
111120000221
What is -10201101210 (base 3) in base 10?
-73191
105281 (base 15) to base 7
6413533
Convert 1330103012 (base 4) to base 15.
a0cbb
What is -30130202 (base 5) in base 13?
-84c96
Convert 3940b (base 12) to base 3.
10222110202
Convert -120202012310 (base 4) to base 15.
-8707db
14be21 (base 15) to base 2
11110100101011000101
1cb7273 (base 13) to base 16
92ac13
What is -4203 (base 7) in base 4?
-113001
547347 (base 11) to base 6
30420114
What is 117d00 (base 16) in base 14?
21b972
Convert -2112a9 (base 11) to base 4.
-1102220003
-10100101001100111 (base 2) to base 16
-14a67
-39044 (base 10) to base 12
-1a718
-210120333 (base 4) to base 12
-72313
Convert -100553a (base 14) to base 5.
-3412404123
100021210120221 (base 3) to base 13
103abcc
Convert -2a2530 (base 15) to base 11.
-11693aa
What is -7000757 (base 10) in base 3?
-111011200020022
What is 190b39a (base 13) in base 8?
37202337
2042124304 (base 5) to base 16
40ecea
What is -21ccd (base 14) in base 2?
-10100000010111101
Convert -2662a (base 16) to base 14.
-41426
What is -3611474 (base 8) in base 14?
-1ba08c
Convert -55568 (base 10) to base 9.
-84202
Convert -3b2836 (base 12) to base 16.
-ef12a
34210434 (base 5) to base 8
1121375
What is 6078842 (base 11) in base 6?
1022134255
What is -30113022333 (base 4) in base 11?
-1913816
What is 114005 (base 14) in base 12?
2439b1
-132223004 (base 5) to base 8
-2421101
2450066 (base 8) to base 15
d53e9
-376017 (base 9) to base 4
-313202020
Convert -8a6a7 (base 11) to base 14.
-35bb3
What is 281aad (base 15) in base 9?
3560741
Convert -70a602 (base 11) to base 5.
-243011040
What is 4016543 (base 8) in base 3?
1222122200210
Convert 2455173 (base 9) to base 7.
14232045
What is -1746847 (base 11) in base 9?
-5521226
Convert 300233101 (base 4) to base 13.
6cb35
What is 408b1d (base 14) in base 11?
1256485
What is -1155054 (base 8) in base 16?
-4da2c
30333230 (base 4) to base 10
53228
153021024 (base 6) to base 2
1100010010101001001000
-4735268 (base 9) to base 4
-21301221203
Convert -419791 (base 11) to base 9.
-1233442
What is 497a0 (base 16) in base 4?
1021132200
Convert a4e85 (base 16) to base 5.
133103321
What is -100110001100000110111 (base 2) in base 14?
-248087
-221222011 (base 4) to base 16
-29a85
1233204402 (base 5) to base 9
5616047
Convert -263633 (base 10) to base 4.
-1000113101
What is -1524691 (base 10) in base 4?
-11310033103
Convert 311555213 (base 6) to base 5.
2341140321
What is -40105114 (base 6) in base 5?
-242104041
Convert 5234eb (base 16) to base 15.
716469
What is 221210001120102 (base 3) in base 8?
64206641
Convert 10022103304 (base 5) to base 14.
1472772
-9390233 (base 10) to base 11
-5334026
-10130031 (base 5) to base 2
-10100010011000101
12131021 (base 6) to base 10
385141
What is 11012020111 (base 3) in base 10?
82552
Convert 3478cf (base 16) to base 12.
119a067
Convert 312323221 (base 5) to base 12.
523a47
-196903 (base 10) to base 6
-4115331
-12216311 (base 7) to base 8
-4136555
What is 21498b5 (base 12) in base 4?
120013013021
What is -326507 (base 10) in base 4?
-1033231223
What is -a4715 (base 11) in base 14?
-3d87b
What is 554122 (base 9) in base 12?
13b70b
Convert -1531304 (base 6) to base 12.
-43b34
What is 3059c (base 14) in base 5?
12210431
Convert -202033123 (base 5) to base 7.
-6632322
Convert -404144101 (base 5) to base 15.
-223486
-694845 (base 12) to base 13
-471278
What is -6141330 (base 8) in base 3?
-10001102222122
Convert 25324 (base 13) to base 3.
10111011101
Convert 2350848 (base 9) to base 10.
1273526
Convert -82b648 (base 15) to base 4.
-113231102021
-474a37 (base 16) to base 8
-21645067
What is c5551c (base 13) in base 5?
2140011201
-2100141 (base 5) to base 12
-17b05
Convert 32724b (base 12) to base 8.
3033233
What is 10125 (base 11) in base 12?
8685
What is -926481 (base 10) in base 11?
-583096
Convert 33222313 (base 4) to base 10.
64183
430417 (base 8) to base 6
3024543
-2614041 (base 9) to base 6
-50325014
What is 284830 (base 11) in base 7?
3533665
Convert 1243717 (base 8) to base 12.
148327
What is 1902527 (base 14) in base 11?
6a93683
Convert cc6a1 (base 14) to base 4.
1320322011
Convert 709718 (base 11) to base 8.
4262752
Convert -67a3 (base 13) to base 15.
-4468
What is 4c29b3 (base 14) in base 12?
a64041
11354b (base 13) to base 10
407353
-1466102 (base 8) to base 2
-1100110110001000010
Convert -101971 (base 14) to base 12.
-221aa7
Convert -42210524 (base 6) to base 11.
-770213
Convert 3203220221 (base 4) to base 2.
11100011101000101001
-7a85d5 (base 15) to base 6
-325220132
-1031001001122 (base 4) to base 14
-2977870
Convert -4665043 (base 8) to base 7.
-13546330
What is -346833a (base 12) in base 4?
-212133313132
Convert 378ba (base 13) to base 5.
11240232
14364024 (base 7) to base 13
38825a
Convert -213040031 (base 5) to base 3.
-1201011121000
What is 6148695 (base 10) in base 4?
113131021113
Convert -10750b (base 13) to base 14.
-a1328
176305 (base 9) to base 11
75385
What is -113b3 (base 12) in base 11?
-16338
What is 114300 (base 10) in base 7?
654144
What is 7a40 (base 11) in base 16?
294b
5c7 (base 14) to base 8
2203
What is 518720 (base 10) in base 16?
7ea40
30779 (base 14) to base 9
187106
Convert -2848 (base 12) to base 9.
-6352
-9a563 (base 11) to base 10
-145753
-50260210 (base 7) to base 4
-33321003100
What is -100001101000101111 (base 2) in base 5?
-13402100
Convert -8e2674 (base 15) to base 10.
-6791959
Convert 420434102 (base 5) to base 12.
6b7330
What is 1102122302 (base 4) in base 15?
6a05b
Convert -566761 (base 12) to base 13.
-3941aa
Convert 31630 (base 10) to base 14.
b754
Convert -1212246 (base 8) to base 6.
-11045302
Convert -234311 (base 5) to base 15.
-28a6
Convert 110110110100 (base 3) to base 13.
87846
Convert -c23c (base 15) to base 8.
-120057
-2140130 (base 5) to base 7
-212424
What is -811b2 (base 12) in base 5?
-20333034
What is 1034410 (base 6) in base 16?
c966
What is -566525 (base 8) in base 6?
-4040033
Convert 23221231003 (base 4) to base 8.
13515503
What is -345461 (base 15) in base 6?
-125315031
What is -b6c092 (base 14) in base 13?
-13849a1
Convert -756b48 (base 12) to base 13.
-500627
-427